 = 15*s**2 + 2*s - 4. List the prime factors of r(w).
2, 13
Suppose -25824 + 93414 = 10*i. List the prime factors of i.
3, 751
Suppose 60390 = 8631*t - 8616*t. List the prime factors of t.
2, 3, 11, 61
Suppose -5*y + 9 = -11. Suppose 0 = x + 2*i - 128, -y*x + 3*i = 6*i - 492. What are the prime factors of x?
2, 3, 5
Let y be 4/(-32) + (-132)/(-32). Suppose -1390 = y*f - 3598. List the prime factors of f.
2, 3, 23
Suppose 3*f - 589 = 2*g + 977, -1028 = -2*f - 4*g. Suppose 6*w - 302 = f. What are the prime factors of w?
137
Let u(v) = v**2 + 230*v + 14567. What are the prime factors of u(0)?
7, 2081
Suppose -2*h + 4808 = -q, -22*q = -17*q + 10. What are the prime factors of h?
3, 89
Let s(i) = -21*i - 4. Let l be s(-16). Let t = -666 + l. Let c = t + 550. List the prime factors of c.
2, 3
Suppose -g - 65772 - 139491 = -5*a, 0 = -2*a + 3*g + 82087. List the prime factors of a.
2, 13, 1579
Let u be -7 + 5 + 10*(-741)/(-6). Suppose -u - 873 = -6*j. What are the prime factors of j?
3, 13
Let w(n) = -5 - 4*n + n**3 - 11*n**2 - n - 4*n. Let o be (-12)/(-30) - 2262/(-195). What are the prime factors of w(o)?
31
Let h(m) be the third derivative of 3*m**5/20 - m**4 + 5*m**3/6 - 9*m**2 + 2. List the prime factors of h(14).
1433
Let h be (-7)/((2/(-10))/((-2)/(-5))). Suppose h*l + 3 = 15*l. Suppose 3*i - l*w - 65 = -2*w, -2*w - 42 = -2*i. What are the prime factors of i?
2, 11
Let q(k) = -325*k**3 - k**2 - 2*k - 21. What are the prime factors of q(-4)?
20771
Suppose -3*y - 199 = u, -4*u + 439 = -5*y + 113. Let t = 243 + y. List the prime factors of t.
3, 59
Let s(a) = 35*a**2 + 3*a + 30. What are the prime factors of s(6)?
2, 3, 109
Suppose -72*r + 283687 = -295049. What are the prime factors of r?
2, 4019
Let g be 33/9 - (4 + 30/(-9)). Suppose 0 = -2*c - 8*z + 3*z + 1053, -g*z - 1611 = -3*c. List the prime factors of c.
2, 3, 89
Let x(f) = f + 12. Let m be x(22). Suppose m*g - 35*g + 588 = 0. Suppose -7*k = -147 - g. What are the prime factors of k?
3, 5, 7
Let w be 2980/6 - (-216)/162. Suppose -4*f - w = -10*f. List the prime factors of f.
83
Suppose 0 = -280*t + 8228849 + 1321671. List the prime factors of t.
23, 1483
Suppose 11430 = 202*w - 197*w. Suppose -2*p + 6*p - w = -2*z, 0 = -z + p + 1155. List the prime factors of z.
1151
What are the prime factors of ((-594)/(-6) - (-45)/(-5))/((-2)/(-13))?
3, 5, 13
Suppose 17*z - 20*z = -2*f + 104414, -z - 261061 = -5*f. List the prime factors of f.
7, 7459
What are the prime factors of ((-150)/(-36))/5 - (-353780)/120?
3, 983
Suppose 5*u - 13*u = -6*u - 43282. What are the prime factors of u?
17, 19, 67
Suppose 9*y - 14*y = -4665. Suppose 59 - y = -s + h, -10 = -5*h. List the prime factors of s.
2, 3, 73
Let t be (-2 - -8)/3 - (-14 + 11). Suppose 739 + 694 = 2*i + t*y, -5*i + 3635 = 2*y. What are the prime factors of i?
3
Let b(j) = -1222*j - 1663. List the prime factors of b(-29).
5, 7, 193
Let k = 198 - -133. Let n = -153 + k. List the prime factors of n.
2, 89
Let g = 595 - -8400. List the prime factors of g.
5, 7, 257
Let q(h) = -h - 5. Let s be q(-7). Suppose s*c - 4*n = 8, 2*c - 44 + 4 = -4*n. What are the prime factors of 219*4/c - 2?
71
Let l(g) = 4*g + 62. Let r be l(-15). Suppose -3*m = 4*i - 615, 3*m - 999 = -r*m + 2*i. List the prime factors of m.
3, 67
Let g(c) = -362*c - 560. List the prime factors of g(-43).
2, 3, 41, 61
What are the prime factors of 71/(1/(-13) - (-14160)/174109)?
71, 227
Let i = 249 + -247. Suppose -i*y + 2*t = -6*y + 796, -y - 5*t + 208 = 0. List the prime factors of y.
2, 3, 11
Let f(v) = v**3 - 13*v**2 - 12*v - 22. Let r be f(14). Suppose 2*d + r = 0, 8*o + 5*d = 6*o + 185. List the prime factors of o.
2, 5
Let v be (-192)/(-15) + (-40)/50. Suppose v = 6*u - 12. Suppose -5*n - u = -404. What are the prime factors of n?
2, 5
Suppose 20*d - 23*d + h = -6609, -4405 = -2*d + h. List the prime factors of (-27)/(-45) + d/10.
13, 17
Let j(l) = 15*l**2 + 151*l - 2262. What are the prime factors of j(15)?
2, 3, 563
What are the prime factors of ((-7)/(21/6))/(3 - (-201598)/(-67198))?
33599
Let r be (38/4)/(3/18*3). Suppose -13 = -2*t - r. List the prime factors of (4 + t)*(-1 + 98).
97
Suppose -4*d + 11 = -1. Suppose 16*q - 8099 = d*q. What are the prime factors of q?
7, 89
Let w = -214 + 174. Let z = 471 - 223. Let i = w + z. What are the prime factors of i?
2, 13
Suppose 0 = -2*c + 1 - 3. Let m = 69 - 68. What are the prime factors of -16*(m - (c - 1) - 13)?
2, 5
Suppose -3*m - 5 = -2*m, -2*l + 3*m + 745 = 0. Let g be (l/(-4))/((-16)/64). Let r = g + -99. What are the prime factors of r?
2, 7, 19
Suppose 6*f - 2*f = z - 53, 5*z - 360 = f. Let s = -69 + z. Suppose -5*a = s*h - h - 335, a = -2. What are the prime factors of h?
5, 23
Let d(o) = 19*o**2 - 13*o + 24. Let b be d(3). Let x = b + 313. List the prime factors of x.
7, 67
Let w(g) = -g**2 - 50*g - 8. Let j be 660/105*14/(-4). List the prime factors of w(j).
2, 19
Suppose 0 = 5*d + 4*h - 38139, 84*h = -4*d + 89*h + 30462. List the prime factors of d.
3, 7, 11
Let l = -103 - -105. Suppose l*p - 455 - 169 = 0. List the prime factors of p.
2, 3, 13
What are the prime factors of 5385/12*(56 - -32)?
2, 5, 11, 359
Let u(k) = 2*k**2 + 12*k - 25. Let f(v) = -7 + 5*v + 114*v**2 - 111*v**2 - 17 + 7*v. Let i(s) = 5*f(s) - 6*u(s). List the prime factors of i(8).
2, 3, 7
Let h(t) = 2*t + 18. Let w(d) = 3*d + 36. Let m(c) = 7*h(c) - 3*w(c). Let z(k) = -k**2 + 10*k - 8. Let j be z(7). What are the prime factors of m(j)?
83
Let l be (-1)/(-3) - (-2 - (-291)/9). Let y = l + 79. What are the prime factors of y?
7
Suppose 5*i - 11937 = -3*g, -4*g = 79*i - 83*i - 15916. List the prime factors of g.
23, 173
Suppose 13*p = 11*p. Suppose -o + 698 = y, 3*o - 4*y - 1639 - 441 = p. What are the prime factors of o?
2, 3, 29
Suppose 0 = -5*m + 2*n + 113166, -164*m + 166*m - 45267 = n. List the prime factors of m.
2, 3, 23, 41
Let m = -37 - -39. Suppose -m*f = -4*z + 64, 9*z - 5*z = -f + 58. List the prime factors of z/20 + (-2)/(16/(-914)).
5, 23
Suppose 19*c - 6*c = 11128. Let i = c + -192. List the prime factors of i.
2, 83
Suppose 10*c + 12900 = 30*c. Suppose 1029 + c = 2*i. What are the prime factors of i?
3, 31
Suppose 0 = 3*x - 9, -2*x - 3947 = -4*d + 2059. What are the prime factors of d?
3, 167
Let f = -43936 - -66029. What are the prime factors of f?
22093
Let d be (-40)/(-6)*12/10 - 3. Suppose -4*q - 4*t = q - 1062, -5*t = -d*q + 1080. Let u = q - 116. List the prime factors of u.
2, 7
Let f be (-3 - (-282)/18) + (-2)/3. Suppose -3*a + 3*r = -5*a + 6, 0 = 4*a + 5*r - f. Suppose -a*c + c + 318 = 0. What are the prime factors of c?
3, 53
Let s(x) = 65*x + 205. Let c be s(-6). Let z = c + 243. What are the prime factors of z?
2, 29
Let u(g) = g**3 - 12*g**2 + 15*g - 57. Let q be u(8). Let j = 455 + q. List the prime factors of j.
2, 131
Let o be ((-48)/28)/(4/(-56)). Suppose -4*j = j - 45. List the prime factors of j/12 + 1710/o.
2, 3
List the prime factors of -8 + 252/30 + (51465/25 - -1).
2, 5, 103
Let c(u) = 4*u + 99. Let l be c(-21). Suppose l*q - 14*q = 132. List the prime factors of q.
2, 3, 11
List the prime factors of (-1350)/(-81)*(4 - -338).
2, 3, 5, 19
Let p(j) = -145*j**2 - 31*j - 15. Let u(t) = -73*t**2 - 15*t - 7. Let z(v) = 6*p(v) - 13*u(v). What are the prime factors of z(-2)?
13, 23
Let t = 7831 - -6521. List the prime factors of t.
2, 3, 13, 23
Let x = 3158 + -2744. What are the prime factors of x?
2, 3, 23
Let v be (-17)/((-1530)/(-144)) + 23/5. Let z(p) = 0 + 0*p + 2*p + 4. What are the prime factors of z(v)?
2, 5
Suppose -4*f + 3840 = 6*f. Let z be 1/((15/f)/5). Suppose 4*h - z = 76. What are the prime factors of h?
3, 17
Let p(z) = -z**3 + 33*z**2 - 53*z + 312. List the prime factors of p(31).
3, 197
Suppose 29*x = 26515 + 61305 - 27442. What are the prime factors of x?
2, 3, 347
Suppose 9*r + 48 = 12*r. Suppose 15*o = r*o - 909. List the prime factors of o.
3, 101
Let f(r) = 6*r - 4. Let j be f(1). Suppose 0 = j*n + 237 - 1365. List the prime factors of n.
2, 3, 47
Let n(g) = -g**3 + 12*g**2 + 16*g - 33. Let y be n(11). Suppose 1500 = s - y. What are the prime factors of s?
2, 3, 7
Let c(s) = 2. Let p(x) = -69*x + 112. Let u(f) = -2*c(f) - p(f). What are the prime factors of u(16)?
2, 13, 19
Suppose 50*w + 1127 = 327